Calculate the highest common divisor of 136 and 386984.
8
What is the highest common divisor of 802066 and 38?
38
Calculate the greatest common factor of 40770 and 9.
9
What is the greatest common factor of 944 and 1206904?
472
Calculate the greatest common divisor of 283021 and 3139.
73
Calculate the greatest common divisor of 110 and 69674.
22
What is the greatest common divisor of 328744 and 436?
436
Calculate the highest common divisor of 7966 and 1707.
569
What is the greatest common factor of 104 and 35204?
52
Calculate the greatest common factor of 3870 and 362490.
1290
What is the highest common factor of 75 and 266775?
75
Calculate the greatest common factor of 1184 and 137792.
32
What is the highest common divisor of 4 and 134404?
4
Calculate the highest common factor of 208 and 502008.
104
Calculate the highest common factor of 25160 and 323.
17
What is the greatest common divisor of 12960 and 727380?
1620
What is the highest common factor of 225 and 28800?
225
Calculate the greatest common divisor of 41463 and 568287.
2439
What is the highest common divisor of 2838 and 561?
33
What is the greatest common divisor of 12448 and 224?
32
What is the highest common divisor of 32375 and 1715?
35
Calculate the greatest common divisor of 35076 and 4.
4
What is the highest common divisor of 20 and 9970?
10
What is the greatest common factor of 10199 and 22351?
217
What is the highest common factor of 36648 and 648?
72
Calculate the greatest common factor of 276 and 355396.
92
What is the greatest common factor of 492 and 1312?
164
What is the greatest common factor of 201 and 1542?
3
What is the greatest common factor of 15 and 41229?
3
Calculate the highest common divisor of 1884200 and 120.
40
What is the greatest common divisor of 169297 and 220729?
2143
What is the highest common factor of 284682 and 102?
102
Calculate the highest common factor of 1271 and 42408.
31
What is the highest common divisor of 4859 and 4558?
43
What is the greatest common divisor of 14536 and 120712?
632
What is the highest common divisor of 28448 and 77728?
224
What is the greatest common divisor of 7225 and 175?
25
What is the greatest common divisor of 93 and 4603903?
31
Calculate the highest common factor of 576 and 265992.
24
Calculate the greatest common factor of 33 and 2590797.
33
Calculate the greatest common factor of 82 and 163754.
82
Calculate the highest common factor of 323 and 3057841.
323
Calculate the greatest common factor of 506208 and 384.
96
Calculate the highest common divisor of 36 and 75342.
6
What is the greatest common divisor of 10482 and 438497?
1747
Calculate the greatest common divisor of 85598 and 889.
127
What is the highest common factor of 3071820 and 20?
20
Calculate the highest common factor of 1917 and 5183.
71
Calculate the greatest common divisor of 14580 and 570.
30
What is the greatest common factor of 490 and 21410?
10
What is the highest common divisor of 2727 and 2376?
27
Calculate the highest common divisor of 129328 and 32.
16
Calculate the highest common divisor of 33 and 1559415.
33
What is the greatest common factor of 40350 and 40950?
150
What is the highest common divisor of 2242 and 14750?
118
What is the greatest common factor of 18414 and 1178?
62
What is the highest common divisor of 28 and 891240?
28
Calculate the greatest common factor of 212 and 901.
53
Calculate the highest common factor of 4536 and 11502.
162
What is the greatest common factor of 14769 and 17504?
547
What is the highest common divisor of 3105 and 37605?
345
Calculate the greatest common divisor of 241176 and 936.
312
What is the greatest common divisor of 1411514 and 26?
26
Calculate the highest common divisor of 28 and 735322.
14
Calculate the greatest common factor of 437 and 249527.
437
Calculate the highest common divisor of 368 and 752.
16
Calculate the highest common factor of 24 and 2346648.
24
What is the greatest common factor of 4204980 and 13?
13
What is the greatest common divisor of 14812 and 46?
46
Calculate the greatest common factor of 16768 and 576.
64
Calculate the highest common factor of 984 and 90.
6
What is the greatest common factor of 3248 and 1696?
16
Calculate the highest common factor of 42 and 940366.
14
What is the highest common divisor of 396848 and 544?
272
What is the highest common factor of 3130848 and 672?
672
Calculate the highest common factor of 82859 and 101479.
931
What is the highest common divisor of 278 and 33221?
139
What is the highest common factor of 832 and 1040?
208
Calculate the highest common factor of 3838 and 114.
38
What is the greatest common divisor of 29954 and 153?
17
What is the greatest common divisor of 568 and 2633816?
568
Calculate the greatest common divisor of 108375 and 1530.
255
Calculate the greatest common divisor of 10 and 45610.
10
Calculate the highest common factor of 62866 and 102.
34
Calculate the highest common factor of 3530295 and 95.
95
What is the highest common factor of 60 and 17875?
5
What is the greatest common factor of 64460 and 1760?
220
What is the greatest common factor of 1129691 and 23?
23
Calculate the greatest common divisor of 65978 and 22.
22
What is the greatest common divisor of 491637 and 87?
87
Calculate the highest common factor of 8455 and 29545.
95
What is the highest common factor of 21 and 898107?
21
What is the greatest common divisor of 80 and 16872?
8
Calculate the greatest common divisor of 8 and 17036.
4
What is the greatest common factor of 970955 and 680?
85
Calculate the greatest common divisor of 852 and 426.
426
What is the highest common factor of 29413 and 4489?
67
Calculate the greatest common divisor of 55278 and 540828.
1494
What is the highest common divisor of 46543 and 545?
109
What is the greatest common factor of 564 and 8412?
12
What is the greatest common divisor of 114725 and 4160?
65
What is the greatest common factor of 330512 and 2184?
728
Calculate the highest common divisor of 103510 and 2200.
110
What is the greatest common divisor of 11 and 496892?
11
Calculate the greatest common divisor of 427397 and 22708.
811
What is the greatest common divisor of 13090 and 42075?
935
What is the highest common divisor of 205426 and 52?
26
Calculate the greatest common divisor of 45 and 2259.
9
What is the greatest common divisor of 13 and 54015?
13
Calculate the greatest common divisor of 320 and 12860.
20
Calculate the greatest common factor of 63 and 27951.
21
Calculate the greatest common factor of 2462852 and 56.
28
What is the greatest common divisor of 98 and 389186?
14
What is the highest common factor of 295 and 10915?
295
What is the greatest common factor of 403 and 7409?
31
Calculate the greatest common factor of 70 and 97482.
14
What is the greatest common divisor of 119 and 399259?
7
Calculate the highest common divisor of 125004 and 660.
132
What is the greatest common divisor of 76 and 267292?
76
What is the highest common divisor of 40768 and 980?
196
What is the highest common factor of 40 and 201830?
10
What is the highest common factor of 960 and 1613120?
320
What is the greatest common factor of 4503 and 9717?
237
What is the greatest common factor of 52800 and 8400?
1200
What is the highest common factor of 10000 and 640400?
400
What is the highest common factor of 5045 and 50?
5
What is the highest common factor of 338 and 574262?
338
What is the highest common divisor of 2261 and 176681?
323
What is the highest common divisor of 14 and 4722?
2
What is the greatest common divisor of 9888 and 128?
32
What is the greatest common factor of 2430 and 846?
18
What is the highest common factor of 42630 and 551?
29
What is the greatest common factor of 200 and 2025?
25
What is the highest common factor of 530750 and 2702?
386
Calculate the highest common factor of 31636 and 139486.
1438
What is the greatest common divisor of 3913 and 75551?
301
What is the highest common divisor of 19440 and 4455?
405
What is the greatest common factor of 130 and 42950?
10
Calculate the highest common divisor of 6589910 and 10.
10
Calculate the highest common divisor of 4965073 and 3194.
1597
What is the highest common divisor of 1425 and 160?
5
Calculate the greatest common divisor of 2619 and 2425.
97
What is t